by 6243?
124
What is the remainder when 90026602 is divided by 62?
60
What is the remainder when 8035907 is divided by 2678631?
14
What is the remainder when 1421944 is divided by 142181?
134
What is the remainder when 3374084 is divided by 421760?
4
What is the remainder when 328161 is divided by 3591?
1380
Calculate the remainder when 4625054 is divided by 56403.
8
What is the remainder when 405042 is divided by 16201?
17
What is the remainder when 15748 is divided by 1457?
1178
What is the remainder when 1163718 is divided by 1414?
1410
Calculate the remainder when 12783460 is divided by 18.
4
Calculate the remainder when 58969 is divided by 19216.
1321
What is the remainder when 604154475 is divided by 16?
11
What is the remainder when 8438243 is divided by 93?
74
What is the remainder when 662830 is divided by 20713?
14
What is the remainder when 1702838 is divided by 851416?
6
What is the remainder when 119507614 is divided by 108?
106
Calculate the remainder when 100275 is divided by 100180.
95
Calculate the remainder when 668843 is divided by 5266.
61
Calculate the remainder when 1118776 is divided by 279690.
16
Calculate the remainder when 5282831 is divided by 8562.
77
Calculate the remainder when 10826415 is divided by 272.
271
Calculate the remainder when 30553 is divided by 10165.
58
What is the remainder when 348487 is divided by 204?
55
Calculate the remainder when 123654 is divided by 1377.
1101
Calculate the remainder when 54704277 is divided by 755.
752
Calculate the remainder when 1749287 is divided by 259.
1
Calculate the remainder when 119994574 is divided by 1508.
1506
Calculate the remainder when 211980 is divided by 842.
638
What is the remainder when 28638168 is divided by 4?
0
Calculate the remainder when 738682 is divided by 293.
29
Calculate the remainder when 1147843 is divided by 19.
15
What is the remainder when 123385102 is divided by 124?
18
Calculate the remainder when 393058 is divided by 3708.
10
What is the remainder when 9430458 is divided by 1079?
1077
Calculate the remainder when 20898925 is divided by 474971.
201
What is the remainder when 410952671 is divided by 494?
493
What is the remainder when 55057 is divided by 13375?
1557
What is the remainder when 70026629 is divided by 381?
353
What is the remainder when 549106 is divided by 273274?
2558
Calculate the remainder when 2600220 is divided by 130009.
40
What is the remainder when 478646 is divided by 708?
38
Calculate the remainder when 2213864 is divided by 6238.
5612
What is the remainder when 2254938 is divided by 2228?
202
Calculate the remainder when 1645403 is divided by 78.
71
What is the remainder when 215418 is divided by 53834?
82
Calculate the remainder when 3643 is divided by 538.
415
What is the remainder when 1782353 is divided by 890959?
435
Calculate the remainder when 22461354 is divided by 72223.
1
Calculate the remainder when 1532772 is divided by 400.
372
Calculate the remainder when 22836920 is divided by 151.
133
What is the remainder when 64358210 is divided by 12871641?
5
Calculate the remainder when 624352 is divided by 522.
40
Calculate the remainder when 199502 is divided by 98350.
2802
Calculate the remainder when 12732746 is divided by 668.
666
What is the remainder when 749222 is divided by 1438?
24
What is the remainder when 19143 is divided by 520?
423
What is the remainder when 1150537 is divided by 1045?
1037
Calculate the remainder when 364093 is divided by 678.
7
What is the remainder when 57264 is divided by 18960?
384
What is the remainder when 3351308 is divided by 670261?
3
What is the remainder when 330132 is divided by 116?
112
What is the remainder when 131328 is divided by 131298?
30
Calculate the remainder when 73526973 is divided by 2568.
2565
What is the remainder when 440237 is divided by 1785?
1127
What is the remainder when 83074 is divided by 20756?
50
What is the remainder when 177178 is divided by 59041?
55
What is the remainder when 2904315 is divided by 2552?
139
Calculate the remainder when 748009 is divided by 78.
67
What is the remainder when 2082696 is divided by 45?
6
Calculate the remainder when 36855367 is divided by 4719.
4696
What is the remainder when 23072044 is divided by 706?
670
What is the remainder when 11292456 is divided by 872?
56
Calculate the remainder when 49813 is divided by 15874.
2191
Calculate the remainder when 275020 is divided by 6702.
238
What is the remainder when 5377923 is divided by 9069?
6
Calculate the remainder when 574655 is divided by 4488.
191
What is the remainder when 58734 is divided by 2290?
1484
What is the remainder when 11979772 is divided by 219?
34
What is the remainder when 75394 is divided by 1956?
1066
What is the remainder when 84123 is divided by 42040?
43
What is the remainder when 58286400 is divided by 303575?
0
What is the remainder when 6016674 is divided by 286508?
6
Calculate the remainder when 221605 is divided by 19716.
4729
What is the remainder when 85061671 is divided by 51?
46
What is the remainder when 719829 is divided by 25689?
537
What is the remainder when 128235 is divided by 4813?
3097
What is the remainder when 3290072 is divided by 79?
38
What is the remainder when 162721983 is divided by 529?
525
Calculate the remainder when 703337 is divided by 351569.
199
What is the remainder when 36185734 is divided by 6736?
6678
What is the remainder when 9840938 is divided by 452?
446
Calculate the remainder when 12164452 is divided by 91.
27
What is the remainder when 21304910 is divided by 2565?
20
What is the remainder when 118663163 is divided by 72?
35
Calculate the remainder when 1350609 is divided by 2734.
13
Calculate the remainder when 42644 is divided by 41270.
1374
What is the remainder when 16574745 is divided by 6370?
5
What is the remainder when 1115842 is divided by 373?
199
What is the remainder when 122141 is divided by 311?
229
Calculate the remainder when 5723751 is divided by 817500.
1251
Calculate the remainder when 3301230 is divided by 3987.
3981
What is the remainder when 90384 is divided by 85518?
4866
Calculate the remainder when 2549242 is divided by 1085.
577
Calculate the remainder when 25092406 is divided by 2009.
2005
Calculate the remainder when 3384803 is divided by 130.
123
What is the remainder when 104478 is divided by 52218?
42
Calculate the remainder when 1181059437 is divided by 33.
30
Calculate the remainder when 189683 is divided by 444.
95
What is the remainder when 22588 is divided by 18?
16
What is the remainder when 2043514 is divided by 905?
24
What is the remainder when 2753967 is divided by 3425?
267
What is the remainder when 2648715 is divided by 2437?
2133
What is the remainder when 4195801 is divided by 186?
13
Calculate the remainder when 66612 is divided by 1186.
196
Calculate the remainder when 14544 is divided by 950.
294
Calculate the remainder when 10898816 is divided by 61.
7
Calculate the remainder when 295295 is divided by 98018.
1241
Calculate the remainder when 370245 is divided by 6393.
5844
Calculate the remainder when 19381038 is divided by 76004.
18
What is the remainder when 6312342 is divided by 39?
36
What is the remainder when 1294867 is divided by 71936?
19
What is the remainder when 598336 is divided by 119666?
6
What is the remainder when 2320309 is divided by 899?
889
What is the remainder when 55951251 is divided by 3922?
3921
What is the remainder when 304163 is divided by 4285?
4213
Calculate the remainder when 23138092 is divided by 75.
67
What is the remainder when 14732798 is divided by 9?
5
Calculate the remainder when 636950 is divided by 240.
230
What is the remainder when 18045 is divided by 8120?
1805
Calculate the remainder when 1187840 is divided by 516.
8
What is the remainder when 3962605 is divided by 48921?
4
What is the remainder when 76294397 is divided by 1277?
32
What is the remainder when 41599101 is divided by 13?
11
Calculate the remainder when 17886989 is divided by 272.
269
What is the remainder when 36860199 is divided by 43?
40
Calculate the remainder when 4181067 is divided by 44010.
117
What is the remainder when 1553268 is divided by 29?
28
Calculate the remainder when 63389 is divided by 6327.
119
Calculate the remainde